{"id":1012,"date":"2018-01-14T13:04:15","date_gmt":"2018-01-14T12:04:15","guid":{"rendered":"http:\/\/www.tintinnabule.fr\/wordpress\/?page_id=1012"},"modified":"2018-01-21T20:27:40","modified_gmt":"2018-01-21T19:27:40","slug":"edito-2018","status":"publish","type":"page","link":"https:\/\/www.tintinnabule.fr\/wordpress\/?page_id=1012","title":{"rendered":"\u00c9dito 2018"},"content":{"rendered":"<div class=\"twoclick_social_bookmarks_post_1012 social_share_privacy clearfix 1.6.4 locale-fr_FR sprite-\"><\/div><div class=\"twoclick-js\"><script type=\"text\/javascript\">\/* <![CDATA[ *\/\njQuery(document).ready(function($){if($('.twoclick_social_bookmarks_post_1012')){$('.twoclick_social_bookmarks_post_1012').socialSharePrivacy({\"txt_help\":\"Wenn Sie diese Felder durch einen Klick aktivieren, werden Informationen an Facebook, Twitter, Flattr, Xing, t3n, LinkedIn, Pinterest oder Google eventuell ins Ausland \\u00fcbertragen und unter Umst\\u00e4nden auch dort gespeichert. N\\u00e4heres erfahren Sie durch einen Klick auf das <em>i<\\\/em>.\",\"settings_perma\":\"Dauerhaft aktivieren und Daten\\u00fcber-tragung zustimmen:\",\"info_link\":\"http:\\\/\\\/www.heise.de\\\/ct\\\/artikel\\\/2-Klicks-fuer-mehr-Datenschutz-1333879.html\",\"uri\":\"https:\\\/\\\/www.tintinnabule.fr\\\/wordpress\\\/?page_id=1012\",\"post_id\":1012,\"post_title_referrer_track\":\"%C3%89dito+2018\",\"display_infobox\":\"on\"});}});\n\/* ]]> *\/<\/script><\/div><p><strong>Laissons la couleur habiller nos paysages\u00a0!<\/strong><\/p>\n<p>En route pour ce 30<sup>e<\/sup> Festival, et sa palette de couleurs.<br \/>\nCouleurs musicales, couleurs culturels, couleurs francophones.<br \/>\nL\u2019esp\u00e9rance est l\u00e0, mais aussi l\u00e0-bas, plus loin, l\u00e0 o\u00f9 les mots se partagent et se tissent, o\u00f9 les notes dansent et s\u2019\u00e9coutent. Peu importe l\u2019endroit, la richesse est faite de ces rencontres qui longent la route, de ces \u00e9motions cr\u00e9\u00e9es sans cesse renouvel\u00e9es, de ces diff\u00e9rences partag\u00e9es, de ces espaces o\u00f9 vit et palpite le spectacle.<br \/>\nDepuis trente ann\u00e9es, les publics et les artistes se croisent, se parlent. Chacun curieux de l\u2019autre peut apprendre, s\u2019\u00e9merveiller, l\u2019esprit libre \u2026..<\/p>\n<p>Merci \u00e0 tous pour ces moments simples et pr\u00e9cieux qui nous font aller de l\u2019avant.<br \/>\nMerci \u00e0 tous ceux qui permettent \u00e0 ces moments de se concr\u00e9tiser, partenaires, b\u00e9n\u00e9voles\u2026.<\/p>\n<p>Car, cette Culture \u00ab\u00a0Populaire\u00a0\u00bb qu\u2019est la Chanson pour l\u2019Enfance ne peut \u00eatre ignor\u00e9e. Elle se r\u00e9v\u00e8le avec force et enthousiasme. Elle nous surprend parfois, nous fait grandir souvent, nous alimente toujours, nous aide \u00e0 vivre tout simplement.<\/p>\n<p>Que cette 30\u00e8me \u00e9dition soit une f\u00eate.<br \/>\nPortons au plus haut notre curiosit\u00e9, notre esprit critique\u2026<br \/>\nEncourageons les cr\u00e9ations artistiques afin qu\u2019elles ne cessent de se multiplier pour le bonheur de tous.<br \/>\nQue ces spectacles puissent continuer \u00e0 vivre \u00e0 travers nous\u2026.<\/p>\n<p><strong>Beau trente ans\u00a0!<\/strong><\/p>\n","protected":false},"excerpt":{"rendered":"<p>Laissons la couleur habiller nos paysages\u00a0! En route pour ce 30e Festival, et sa palette de couleurs. Couleurs musicales, couleurs culturels, couleurs francophones. L\u2019esp\u00e9rance est l\u00e0, mais aussi l\u00e0-bas, plus loin, l\u00e0 o\u00f9 les mots se partagent et se tissent, o\u00f9 les notes dansent et s\u2019\u00e9coutent. Peu importe l\u2019endroit, la richesse est faite de ces [&hellip;]<\/p>\n","protected":false},"author":1,"featured_media":0,"parent":0,"menu_order":0,"comment_status":"closed","ping_status":"closed","template":"","meta":{"footnotes":""},"class_list":["post-1012","page","type-page","status-publish","hentry"],"_links":{"self":[{"href":"https:\/\/www.tintinnabule.fr\/wordpress\/index.php?rest_route=\/wp\/v2\/pages\/1012","targetHints":{"allow":["GET"]}}],"collection":[{"href":"https:\/\/www.tintinnabule.fr\/wordpress\/index.php?rest_route=\/wp\/v2\/pages"}],"about":[{"href":"https:\/\/www.tintinnabule.fr\/wordpress\/index.php?rest_route=\/wp\/v2\/types\/page"}],"author":[{"embeddable":true,"href":"https:\/\/www.tintinnabule.fr\/wordpress\/index.php?rest_route=\/wp\/v2\/users\/1"}],"replies":[{"embeddable":true,"href":"https:\/\/www.tintinnabule.fr\/wordpress\/index.php?rest_route=%2Fwp%2Fv2%2Fcomments&post=1012"}],"version-history":[{"count":3,"href":"https:\/\/www.tintinnabule.fr\/wordpress\/index.php?rest_route=\/wp\/v2\/pages\/1012\/revisions"}],"predecessor-version":[{"id":1072,"href":"https:\/\/www.tintinnabule.fr\/wordpress\/index.php?rest_route=\/wp\/v2\/pages\/1012\/revisions\/1072"}],"wp:attachment":[{"href":"https:\/\/www.tintinnabule.fr\/wordpress\/index.php?rest_route=%2Fwp%2Fv2%2Fmedia&parent=1012"}],"curies":[{"name":"wp","href":"https:\/\/api.w.org\/{rel}","templated":true}]}}